{"id":6068,"date":"2024-01-02T23:11:31","date_gmt":"2024-01-02T22:11:31","guid":{"rendered":"http:\/\/www.gtv-grossenmeer.de\/wordpress\/?page_id=6068"},"modified":"2026-01-24T08:56:22","modified_gmt":"2026-01-24T07:56:22","slug":"samstagslauf-14-juni-2025","status":"publish","type":"page","link":"https:\/\/www.gtv-grossenmeer.de\/wordpress\/samstagslauf-14-juni-2025\/","title":{"rendered":"Archiv Samstagslauf"},"content":{"rendered":"\n<p><\/p>\n\n\n\n<p>Einen gro\u00dfen Dank an alle Helfer:innen und Sponsoren f\u00fcr die gute Durchf\u00fchrung des Samstaglaufes in diesem Jahr 2025; insgesamt 250 kleine und gro\u00dfe L\u00e4ufer und L\u00e4uferinnen haben uns viel Freude bereitet mit ihrem Engagement, ihrer guten Laune und dem Sportsgeist, mit dem diese Wettbewerbe ausgetragen werden!<\/p>\n\n\n\n<p>Hier die Ergebnisse der Zeitwertungen, die Bilder des Laufes werden aktuell bearbeitet; wir stellen sie euch dann so schnell wie machbar hier zur Verf\u00fcgung!<\/p>\n\n\n\n<p class=\"has-medium-font-size\">Ergebnisse <a href=\"https:\/\/www.gtv-grossenmeer.de\/wp-content\/uploads\/2025\/06\/Ergebnisse-1km.pdf\">1 km Kinderlauf<\/a><\/p>\n\n\n\n<p class=\"has-medium-font-size\">Ergebnisse <a href=\"https:\/\/www.gtv-grossenmeer.de\/wp-content\/uploads\/2025\/06\/Ergebnisse-5km.pdf\">5km &#8211; Jogginglauf<\/a><\/p>\n\n\n\n<p class=\"has-medium-font-size\">Ergebnisse <a href=\"https:\/\/www.gtv-grossenmeer.de\/wp-content\/uploads\/2025\/06\/Ergebnisse-10km.pdf\">10km -Lauf<\/a><\/p>\n\n\n\n<p><\/p>\n\n\n\n<p>Auch in diesem Jahr freuen wir uns darauf euch zum Samstagslauf begr\u00fc\u00dfen zu k\u00f6nnen. Anmeldungen sind in K\u00fcrze m\u00f6glich: Also? Was h\u00e4lt euch zur\u00fcck? Wir freuen uns \u00fcber zeitige R\u00fcckmeldungen, dass ihr wieder dabei seid oder uns kennen lernen wollt!<br><\/p>\n\n\n\n<p>Der Vorstand des GTV\/ Das Orga-Team<\/p>\n\n\n\n<figure class=\"wp-block-image size-large is-resized\"><a href=\"https:\/\/www.gtv-grossenmeer.de\/wp-content\/uploads\/2025\/01\/IMG_1520-scaled.jpg\"><img loading=\"lazy\" decoding=\"async\" width=\"1024\" height=\"683\" src=\"https:\/\/www.gtv-grossenmeer.de\/wp-content\/uploads\/2025\/01\/IMG_1520-1024x683.jpg\" alt=\"\" class=\"wp-image-6838\" style=\"width:707px;height:auto\" srcset=\"https:\/\/www.gtv-grossenmeer.de\/wp-content\/uploads\/2025\/01\/IMG_1520-1024x683.jpg 1024w, https:\/\/www.gtv-grossenmeer.de\/wp-content\/uploads\/2025\/01\/IMG_1520-300x200.jpg 300w, https:\/\/www.gtv-grossenmeer.de\/wp-content\/uploads\/2025\/01\/IMG_1520-768x512.jpg 768w, https:\/\/www.gtv-grossenmeer.de\/wp-content\/uploads\/2025\/01\/IMG_1520-1536x1024.jpg 1536w, https:\/\/www.gtv-grossenmeer.de\/wp-content\/uploads\/2025\/01\/IMG_1520-2048x1365.jpg 2048w\" sizes=\"(max-width: 1024px) 100vw, 1024px\" \/><\/a><\/figure>\n\n\n\n<p><br>Wir freuen uns auf euch!!<\/p>\n\n\n\n<p class=\"has-vivid-green-cyan-color has-text-color\"><\/p>\n\n\n\n<p class=\"has-black-color has-text-color has-link-color wp-elements-4e71c4248e36279a16462e97a0b7e7e2\">11:45 Uhr       Er\u00f6ffnung mit Bambini-Lauf (2020 und J\u00fcnger) (360m) <br><strong>12:00 Uhr &nbsp; &nbsp; &#8211; 1-km Lauf Kinder (Jahrgang 2014 &#8211; 2019)<\/strong><br><em>gewertet&nbsp;werden&nbsp;die&nbsp;Altersklassen&nbsp;<strong>U8<\/strong> (Jg 2018,2019),&nbsp;<strong>U10<\/strong>&nbsp;(Jg 2016,2017) und&nbsp;<\/em><br><em><strong>U12<\/strong>&nbsp;(Jg 2015,2014)jeweils&nbsp;m\/w<\/em><br><strong>13:30 Uhr &nbsp; &nbsp; &#8211; 5-km Jogginglauf&nbsp;<\/strong>(vermessene&nbsp;Strecke) <strong>ab Jg 2015<\/strong><br><strong>15:00 Uhr &nbsp; &nbsp; &#8211; 10-km Lauf <\/strong>(vermessene Strecke) <strong>ab Jg 2011<\/strong><\/p>\n\n\n\n<p><br><strong>die aktuellen Altersklassen 2025<\/strong><a href=\"https:\/\/www.gtv-grossenmeer.de\/wp-content\/uploads\/2025\/01\/Altersklassen-2025.pages.pdf\" target=\"_blank\" rel=\"noreferrer noopener\"> &gt;hier&nbsp;klicken<\/a><\/p>\n\n\n\n<p>ca 12:45 Uhr &nbsp; &nbsp;Siegerehrung Kinderlauf<br>ca 14:30 Uhr &nbsp;  Siegerehrung 5km &nbsp;<br>ca 16:30 Uhr    Siegerehrung 10 Km<br> <\/p>\n\n\n\n<p>Im&nbsp;&nbsp;Rahmenprogramm&nbsp;bieten wir euch das bekannte und beliebte&nbsp;Sportler-Cafe\u00b4  der Landfrauen, die Kletterwand der Sportjugend Wesermarsch, eine H\u00fcpfburg f\u00fcr die j\u00fcngsten und mal sehen, was sich noch ergibt \ud83d\ude09<\/p>\n\n\n\n<p>Auch in diesem Jahr gibt es Pokale und Urkunden zu gewinnen \ud83d\ude42<br>&gt;&gt; <strong>Pokale in allen L\u00e4ufen bis U18 jeweils 1.-3. Platz m\/w, <\/strong><br>Gesamtsieger 5km\/10 Km m\/w  (Pl\u00e4tze 1 &#8211; 3) und<br>Siegerpokale in den Altersklassen m\/w bei 10 km) <br><strong>Der 5km- Lauf ist ein offener Lauf,<\/strong> hier gibt es eine Gesamtwertung \u00fcber alle Altersklassen,&nbsp; in der Urkunde ist nat\u00fcrlich der jeweilige Platz in der Altersklasse vermerkt!<\/p>\n\n\n\n<p>Finisher-Medaillen beim \ud83c\udfc3\ud83c\udffd\u200d\u2642\ufe0f \ud83c\udfc3\ud83c\udffb\u200d\u2640\ufe0f Zieleinlauf; <br>Urkunden bitte bei der Anmeldung abholen!<\/p>\n\n\n\n<p>&nbsp;Hier findet ihr (in K\u00fcrze) die&nbsp; &nbsp;<strong>&gt;<\/strong>&nbsp;<strong>&nbsp;<a href=\"https:\/\/www.gtv-grossenmeer.de\/wordpress\/samstagslauf-8-juni-2024\/anmeldung\/\">ANMELDUNG<\/a>&nbsp; &nbsp;&gt;&nbsp; &nbsp;<\/strong><a href=\"https:\/\/www.gtv-grossenmeer.de\/wp-content\/uploads\/2025\/01\/Ausschreibung-14-06-25SL.pages.pdf\"><strong>Ausschreibung&nbsp;&nbsp;(und&nbsp;Streckenverl\u00e4ufe<\/strong>)<\/a><\/p>\n\n\n\n<p>F\u00fcr euer leibliches Wohl ist gesorgt, die Veranstaltung startet um 11:45 Uhr und um ca. 16:30 ist die Siegerehrung des 10-km Laufes geplant. Genaue Zeiten findet ihr auch in der Ausschreibung.<\/p>\n\n\n\n<p>Wir freuen uns auf euch!<\/p>\n\n\n\n<p><\/p>\n\n\n\n<p><br><\/p>\n","protected":false},"excerpt":{"rendered":"<p>Einen gro\u00dfen Dank an alle Helfer:innen und Sponsoren f\u00fcr die gute Durchf\u00fchrung des Samstaglaufes in diesem Jahr 2025; insgesamt 250 kleine und gro\u00dfe L\u00e4ufer und L\u00e4uferinnen haben uns viel Freude bereitet mit ihrem Engagement, ihrer guten Laune und dem Sportsgeist, mit dem diese Wettbewerbe ausgetragen werden! Hier die Ergebnisse der Zeitwertungen, die Bilder des Laufes [&hellip;]<\/p>\n","protected":false},"author":1,"featured_media":0,"parent":0,"menu_order":10,"comment_status":"closed","ping_status":"closed","template":"","meta":{"ngg_post_thumbnail":0,"footnotes":""},"_links":{"self":[{"href":"https:\/\/www.gtv-grossenmeer.de\/wordpress\/wp-json\/wp\/v2\/pages\/6068"}],"collection":[{"href":"https:\/\/www.gtv-grossenmeer.de\/wordpress\/wp-json\/wp\/v2\/pages"}],"about":[{"href":"https:\/\/www.gtv-grossenmeer.de\/wordpress\/wp-json\/wp\/v2\/types\/page"}],"author":[{"embeddable":true,"href":"https:\/\/www.gtv-grossenmeer.de\/wordpress\/wp-json\/wp\/v2\/users\/1"}],"replies":[{"embeddable":true,"href":"https:\/\/www.gtv-grossenmeer.de\/wordpress\/wp-json\/wp\/v2\/comments?post=6068"}],"version-history":[{"count":26,"href":"https:\/\/www.gtv-grossenmeer.de\/wordpress\/wp-json\/wp\/v2\/pages\/6068\/revisions"}],"predecessor-version":[{"id":7345,"href":"https:\/\/www.gtv-grossenmeer.de\/wordpress\/wp-json\/wp\/v2\/pages\/6068\/revisions\/7345"}],"wp:attachment":[{"href":"https:\/\/www.gtv-grossenmeer.de\/wordpress\/wp-json\/wp\/v2\/media?parent=6068"}],"curies":[{"name":"wp","href":"https:\/\/api.w.org\/{rel}","templated":true}]}}