{"id":7322,"date":"2026-01-23T19:37:29","date_gmt":"2026-01-23T18:37:29","guid":{"rendered":"https:\/\/www.gtv-grossenmeer.de\/wordpress\/?page_id=7322"},"modified":"2026-04-21T21:06:14","modified_gmt":"2026-04-21T20:06:14","slug":"samstagslauf-20-juni-2026","status":"publish","type":"page","link":"https:\/\/www.gtv-grossenmeer.de\/wordpress\/samstagslauf-20-juni-2026\/","title":{"rendered":"Samstagslauf 20.Juni 2026"},"content":{"rendered":"\n<p><\/p>\n\n\n\n<p><\/p>\n\n\n\n<p>Liebe Sportlerinnen!<\/p>\n\n\n\n<p>In diesem Jahr freuen wir uns besonders darauf euch zum 15. Samstagslauf Gro\u00dfenmeer begr\u00fc\u00dfen zu k\u00f6nnen. Dieses kleine Jubil\u00e4um wollen wir sportlich mit euch feiern!<\/p>\n\n\n\n<p>Aus organisatorischen Gr\u00fcnden haben <em>wir den Termin auf die dritte Juni-Woche verschobe<\/em>n; Um uns f\u00fcr die Zukunft aufzustellen, wird die Laufverwaltung jetzt von laufmanager.net aus Oldenburg durchgef\u00fchrt, wor\u00fcber wir uns sehr freuen. Anmeldungen sind ab sofort m\u00f6glich: Also? Was h\u00e4lt euch zur\u00fcck? Wir freuen uns \u00fcber zeitige R\u00fcckmeldungen, dass ihr wieder dabei seid oder uns kennen lernen wollt!<\/p>\n\n\n\n<p>Der Vorstand des GTV\/ Das Orga-Team<\/p>\n\n\n\n<figure class=\"wp-block-image\"><a href=\"https:\/\/www.gtv-grossenmeer.de\/wp-content\/uploads\/2025\/01\/IMG_1520-scaled.jpg\"><img loading=\"lazy\" decoding=\"async\" width=\"1024\" height=\"683\" src=\"https:\/\/www.gtv-grossenmeer.de\/wp-content\/uploads\/2025\/01\/IMG_1520-1024x683.jpg\" alt=\"\" class=\"wp-image-6838\" srcset=\"https:\/\/www.gtv-grossenmeer.de\/wp-content\/uploads\/2025\/01\/IMG_1520-1024x683.jpg 1024w, https:\/\/www.gtv-grossenmeer.de\/wp-content\/uploads\/2025\/01\/IMG_1520-300x200.jpg 300w, https:\/\/www.gtv-grossenmeer.de\/wp-content\/uploads\/2025\/01\/IMG_1520-768x512.jpg 768w, https:\/\/www.gtv-grossenmeer.de\/wp-content\/uploads\/2025\/01\/IMG_1520-1536x1024.jpg 1536w, https:\/\/www.gtv-grossenmeer.de\/wp-content\/uploads\/2025\/01\/IMG_1520-2048x1365.jpg 2048w\" sizes=\"(max-width: 1024px) 100vw, 1024px\" \/><\/a><\/figure>\n\n\n\n<p><br>Wann geht es los?<\/p>\n\n\n\n<p>11:30 Uhr Er\u00f6ffnung mit Bambini-Lauf (2021 und J\u00fcnger) (360m)\u00a0<br><strong>11:50 Uhr \u00a0 \u00a0 \u2013 1-km Lauf Kinder (Jahrgang 2013 \u2013 2020)<\/strong><br><em>gewertet\u00a0werden\u00a0die\u00a0Altersklassen\u00a0<strong>U8<\/strong>\u00a0(Jg 2019,2020),\u00a0<strong>U10<\/strong>\u00a0(Jg 2017,2018) und\u00a0<\/em><br><em><strong>U12<\/strong>\u00a0(Jg 2015,2016)jeweils\u00a0m\/w<\/em> und newcomer U14 (2013,2014)<br><strong>13:30 Uhr \u00a0 \u00a0 \u2013 5-km Jogginglauf\u00a0<\/strong>(vermessene\u00a0Strecke)\u00a0<strong>ab Jg 2016<\/strong> und \u00e4lter<br><strong>15:00 Uhr \u00a0 \u00a0 \u2013 10-km Lauf\u00a0<\/strong>(vermessene Strecke)\u00a0<strong>ab Jg 2012<\/strong> und \u00e4lter<\/p>\n\n\n\n<p><br><strong>die aktuellen Altersklassen 2026<\/strong>&nbsp;&gt; <a href=\"https:\/\/www.gtv-grossenmeer.de\/wp-content\/uploads\/2026\/01\/Altersklassen-2026.pdf\">hier&nbsp;klicken<\/a><\/p>\n\n\n\n<p>ca 12:30 Uhr &nbsp; &nbsp;Siegerehrung Kinderlauf<br>ca 14:30 Uhr &nbsp; Siegerehrung 5km &nbsp;<br>ca 16:30 Uhr Siegerehrung 10 Km<\/p>\n\n\n\n<p>Im&nbsp;&nbsp;Rahmenprogramm&nbsp;bieten wir euch das bekannte und beliebte&nbsp;Sportler-Cafe\u00b4 der Landfrauen,  eine H\u00fcpfburg f\u00fcr die j\u00fcngsten und mal sehen, was sich noch ergibt \ud83d\ude09<\/p>\n\n\n\n<p>Auch in diesem Jahr gibt es Pokale und Urkunden zu gewinnen \ud83d\ude42<br>&gt;&gt;&nbsp;<strong>Pokale in allen L\u00e4ufen bis U18 jeweils 1.-3. Platz m\/w,&nbsp;<\/strong><br>Gesamtsieger 5km\/10 Km m\/w (Pl\u00e4tze 1 \u2013 3) und<br>Siegerpokale in den Altersklassen m\/w bei 10 km)&nbsp;<br><strong>Der 5km- Lauf ist ein offener Lauf,<\/strong>&nbsp;hier gibt es eine Gesamtwertung \u00fcber alle Altersklassen,&nbsp; in der Urkunde ist nat\u00fcrlich der jeweilige Platz in der Altersklasse vermerkt!<\/p>\n\n\n\n<p>Finisher-Medaillen beim \ud83c\udfc3\ud83c\udffd\u200d\u2642\ufe0f \ud83c\udfc3\ud83c\udffb\u200d\u2640\ufe0f Zieleinlauf;&nbsp;<br>Urkunden bitte bei der Anmeldung abholen!<\/p>\n\n\n\n<p>&nbsp;Hier findet ihr die&nbsp; &nbsp;<strong>&gt;<\/strong>&nbsp;<strong>&nbsp;<a href=\"https:\/\/www.gtv-grossenmeer.de\/wordpress\/samstagslauf-20-juni-2026\/anmeldung\/\">ANMELDUNG<\/a>&nbsp; &nbsp;&gt;&nbsp; &nbsp;<\/strong><a href=\"https:\/\/www.gtv-grossenmeer.de\/wp-content\/uploads\/2026\/01\/Ausschreibung-20-06-26SL-.pages-2.pdf\"><strong>Ausschreibung&nbsp;&nbsp;(und&nbsp;Streckenverl\u00e4ufe<\/strong>)<\/a><\/p>\n\n\n\n<p>F\u00fcr euer leibliches Wohl ist gesorgt, die Veranstaltung startet um 11:45 Uhr und um ca. 16:30 ist die Siegerehrung des 10-km Laufes geplant. Genaue Zeiten findet ihr auch in der Ausschreibung.<\/p>\n\n\n\n<p class=\"has-medium-font-size\"> \ud83c\udfc3\ud83c\udffd\u200d\u2640\ufe0f\u200d\u27a1\ufe0f\u26f1\ufe0f\ud83c\udfc3\ud83c\udffc\u200d\u2642\ufe0f\u200d\u27a1\ufe0fSchirmherr der Veranstaltung ist in diesem Jahr der Landrat der Wesermarsch Stefan Siefken.<br>Daf\u00fcr einen gro\u00dfen Dank!<\/p>\n","protected":false},"excerpt":{"rendered":"<p>Liebe Sportlerinnen! In diesem Jahr freuen wir uns besonders darauf euch zum 15. Samstagslauf Gro\u00dfenmeer begr\u00fc\u00dfen zu k\u00f6nnen. Dieses kleine Jubil\u00e4um wollen wir sportlich mit euch feiern! Aus organisatorischen Gr\u00fcnden haben wir den Termin auf die dritte Juni-Woche verschoben; Um uns f\u00fcr die Zukunft aufzustellen, wird die Laufverwaltung jetzt von laufmanager.net aus Oldenburg durchgef\u00fchrt, wor\u00fcber [&hellip;]<\/p>\n","protected":false},"author":1,"featured_media":0,"parent":0,"menu_order":0,"comment_status":"closed","ping_status":"closed","template":"","meta":{"ngg_post_thumbnail":0,"footnotes":""},"_links":{"self":[{"href":"https:\/\/www.gtv-grossenmeer.de\/wordpress\/wp-json\/wp\/v2\/pages\/7322"}],"collection":[{"href":"https:\/\/www.gtv-grossenmeer.de\/wordpress\/wp-json\/wp\/v2\/pages"}],"about":[{"href":"https:\/\/www.gtv-grossenmeer.de\/wordpress\/wp-json\/wp\/v2\/types\/page"}],"author":[{"embeddable":true,"href":"https:\/\/www.gtv-grossenmeer.de\/wordpress\/wp-json\/wp\/v2\/users\/1"}],"replies":[{"embeddable":true,"href":"https:\/\/www.gtv-grossenmeer.de\/wordpress\/wp-json\/wp\/v2\/comments?post=7322"}],"version-history":[{"count":13,"href":"https:\/\/www.gtv-grossenmeer.de\/wordpress\/wp-json\/wp\/v2\/pages\/7322\/revisions"}],"predecessor-version":[{"id":7402,"href":"https:\/\/www.gtv-grossenmeer.de\/wordpress\/wp-json\/wp\/v2\/pages\/7322\/revisions\/7402"}],"wp:attachment":[{"href":"https:\/\/www.gtv-grossenmeer.de\/wordpress\/wp-json\/wp\/v2\/media?parent=7322"}],"curies":[{"name":"wp","href":"https:\/\/api.w.org\/{rel}","templated":true}]}}